{"id":2998,"date":"2016-03-27T16:13:09","date_gmt":"2016-03-27T16:13:09","guid":{"rendered":"https:\/\/okthemes.com\/villenoirdarkdemo\/product\/villenoir-sauvignon-blank\/"},"modified":"2023-04-20T13:08:45","modified_gmt":"2023-04-20T13:08:45","slug":"jethro-merlot-2017","status":"publish","type":"product","link":"https:\/\/mademoiselle-winery.com\/?product=jethro-merlot-2017","title":{"rendered":"Jethro Merlot 2017"},"content":{"rendered":"","protected":false},"excerpt":{"rendered":"<div class=\"tabs\">\n<div id=\"tab-content\" class=\"tab-content\">\n<div id=\"description\" class=\"tab-pane fade in active\" role=\"tabpanel\">\n<div class=\"product-description\">\n<div id=\"tw-target-text-container\" class=\"tw-ta-container tw-nfl\">\n<p id=\"tw-target-text\" class=\"tw-data-text tw-text-large tw-ta\" dir=\"ltr\"><span lang=\"fr\" xml:lang=\"fr\">Le merlot fait partie de ces c\u00e9pages qui produisent des vins appr\u00e9ci\u00e9s de presque tout le monde. Les vins de Merlot \u00e0 une seule vari\u00e9t\u00e9 ont tendance \u00e0 \u00eatre \u00e9quilibr\u00e9s, moyennement cors\u00e9s et pleins de saveurs de fruits riches et juteux o\u00f9 qu&rsquo;ils soient produits, ce qui est presque dans tous les pays producteurs de vin \u00e0 travers le monde. La nouvelle cave passionnante qui a lanc\u00e9 sa marque en Isra\u00ebl est La Citadelle de Diamant, une cave sp\u00e9cialis\u00e9e dans le vin ros\u00e9 de style isra\u00e9lo-fran\u00e7ais. La cave, qui a remplac\u00e9 la cave Titora \u00e0 Kfar Ruth<\/span><\/p>\n<\/div>\n<\/div>\n<\/div>\n<\/div>\n<\/div>\n<section class=\"page-product-box clearfix\"><\/section>\n","protected":false},"featured_media":3239,"template":"","meta":[],"product_brand":[],"product_cat":[34],"product_tag":[],"class_list":{"0":"post-2998","1":"product","2":"type-product","3":"status-publish","4":"has-post-thumbnail","6":"product_cat-vin-rouge","8":"first","9":"instock","10":"shipping-taxable","11":"purchasable","12":"product-type-simple"},"acf":[],"_links":{"self":[{"href":"https:\/\/mademoiselle-winery.com\/index.php?rest_route=\/wp\/v2\/product\/2998","targetHints":{"allow":["GET"]}}],"collection":[{"href":"https:\/\/mademoiselle-winery.com\/index.php?rest_route=\/wp\/v2\/product"}],"about":[{"href":"https:\/\/mademoiselle-winery.com\/index.php?rest_route=\/wp\/v2\/types\/product"}],"wp:featuredmedia":[{"embeddable":true,"href":"https:\/\/mademoiselle-winery.com\/index.php?rest_route=\/wp\/v2\/media\/3239"}],"wp:attachment":[{"href":"https:\/\/mademoiselle-winery.com\/index.php?rest_route=%2Fwp%2Fv2%2Fmedia&parent=2998"}],"wp:term":[{"taxonomy":"product_brand","embeddable":true,"href":"https:\/\/mademoiselle-winery.com\/index.php?rest_route=%2Fwp%2Fv2%2Fproduct_brand&post=2998"},{"taxonomy":"product_cat","embeddable":true,"href":"https:\/\/mademoiselle-winery.com\/index.php?rest_route=%2Fwp%2Fv2%2Fproduct_cat&post=2998"},{"taxonomy":"product_tag","embeddable":true,"href":"https:\/\/mademoiselle-winery.com\/index.php?rest_route=%2Fwp%2Fv2%2Fproduct_tag&post=2998"}],"curies":[{"name":"wp","href":"https:\/\/api.w.org\/{rel}","templated":true}]}}