{"id":3174,"date":"2023-03-31T18:17:19","date_gmt":"2023-03-31T18:17:19","guid":{"rendered":"http:\/\/mademoiselle-winery.com\/?post_type=product&#038;p=3174"},"modified":"2023-05-28T11:28:20","modified_gmt":"2023-05-28T11:28:20","slug":"givat-titora-grande-reserve-cabernet-sauvignon","status":"publish","type":"product","link":"https:\/\/mademoiselle-winery.com\/?product=givat-titora-grande-reserve-cabernet-sauvignon","title":{"rendered":"Givat Titora Grande Reserve Cabernet Sauvignon"},"content":{"rendered":"","protected":false},"excerpt":{"rendered":"<p><strong>Bois\u00e9 et puissant<\/strong><\/p>\n<p>Ce Cabernet Sauvignon d\u2019Isra\u00ebl se d\u00e9marque par son tanin souple et sa douceur contrastant avec sa puissance en bouche. D\u2019un nez bois\u00e9 m\u00e9lang\u00e9 avec une note de fruit noir confit, ce vin rouge de La Citadelle de Diamant se d\u00e9guste avec des plats riches comme l\u2019agneau ou la volaille.<\/p>\n","protected":false},"featured_media":3279,"template":"","meta":[],"product_brand":[],"product_cat":[34],"product_tag":[],"class_list":{"0":"post-3174","1":"product","2":"type-product","3":"status-publish","4":"has-post-thumbnail","6":"product_cat-vin-rouge","8":"first","9":"instock","10":"shipping-taxable","11":"purchasable","12":"product-type-simple"},"acf":[],"_links":{"self":[{"href":"https:\/\/mademoiselle-winery.com\/index.php?rest_route=\/wp\/v2\/product\/3174","targetHints":{"allow":["GET"]}}],"collection":[{"href":"https:\/\/mademoiselle-winery.com\/index.php?rest_route=\/wp\/v2\/product"}],"about":[{"href":"https:\/\/mademoiselle-winery.com\/index.php?rest_route=\/wp\/v2\/types\/product"}],"wp:featuredmedia":[{"embeddable":true,"href":"https:\/\/mademoiselle-winery.com\/index.php?rest_route=\/wp\/v2\/media\/3279"}],"wp:attachment":[{"href":"https:\/\/mademoiselle-winery.com\/index.php?rest_route=%2Fwp%2Fv2%2Fmedia&parent=3174"}],"wp:term":[{"taxonomy":"product_brand","embeddable":true,"href":"https:\/\/mademoiselle-winery.com\/index.php?rest_route=%2Fwp%2Fv2%2Fproduct_brand&post=3174"},{"taxonomy":"product_cat","embeddable":true,"href":"https:\/\/mademoiselle-winery.com\/index.php?rest_route=%2Fwp%2Fv2%2Fproduct_cat&post=3174"},{"taxonomy":"product_tag","embeddable":true,"href":"https:\/\/mademoiselle-winery.com\/index.php?rest_route=%2Fwp%2Fv2%2Fproduct_tag&post=3174"}],"curies":[{"name":"wp","href":"https:\/\/api.w.org\/{rel}","templated":true}]}}